ppose n*t = 6*t - 36. Calculate the greatest common factor of 12 and t.
6
Let p be (0 + 8/16)*1*26. Calculate the greatest common factor of 13 and p.
13
Suppose -10 = -4*l - 2. Suppose 2*i - 4*f + l*f - 248 = 0, 5*i + 4*f = 638. Let d = i + -76. What is the greatest common factor of 20 and d?
10
Suppose 0 = r + 2*r - 1077. Let a = r + -205. Calculate the highest common factor of 22 and a.
22
Suppose 2*z + 2*a = 2, -z - 19 = 4*z - 3*a. Let r be (2 + -3)*118/z. Suppose -169 = -3*s + r. What is the greatest common factor of s and 19?
19
Suppose 2*k - 5*k + 40 = 5*u, 0 = -2*u + 10. Suppose -4*i - k*g + 260 = -g, -4*g = i - 62. What is the greatest common factor of i and 6?
6
Let o(n) = 7*n - 3. Let w be o(3). Let i be 2/9 + (-151)/(-9). Suppose s = 4*z + i, -2*s + 4*z + z + 28 = 0. Calculate the greatest common divisor of s and w.
9
Let z(x) = x**3 - 8*x**2 + 9*x - 4. Let f be z(7). What is the highest common divisor of f and 50?
10
Let u = 77 + -39. Calculate the greatest common divisor of 19 and u.
19
Suppose -2*g = g - 243. What is the highest common divisor of 9 and g?
9
Suppose 3*d = -5*c + 40, -2*d + 20 = -2*c + 4*c. Suppose d*u = u + 980. What is the highest common divisor of u and 35?
35
Let g(n) = 13*n**2 - n. Let v be g(1). Let d(p) = -30*p**2 + p - 4. Let r be d(3). Let a = -175 - r. What is the greatest common divisor of v and a?
12
Let p be (14/10 + -1)*45. Suppose -4*z - 7 = -15. Let y be z/(-7) - 132/(-21). What is the greatest common divisor of p and y?
6
Let r be 1/(-4) - 171/(-12). Suppose -x + 155 = 43. Calculate the greatest common factor of r and x.
14
Suppose q = 3*q - 6. Suppose -q*j + 5*j = 16. Calculate the greatest common factor of j and 24.
8
Suppose 5*y + 44 = 104. Let g(i) = -232*i**2 - i + 1. Let f be g(1). Let p = -148 - f. Calculate the highest common factor of y and p.
12
Let c = 3 + -4. Let f be (c + 2)/((-3)/(-9)). Suppose -10*o = -6*o + f*t - 73, 0 = 4*o - 5*t - 49. Calculate the highest common divisor of o and 16.
16
Let z(h) = 15*h**2 + 1. Let i be z(1). Calculate the greatest common factor of 40 and i.
8
Let b be 5 + 0 + 5 + 0. Let h(i) = i**2 + 4*i + 3. Let g be h(7). What is the greatest common factor of b and g?
10
Let g = -49 + 69. Let z(k) = -k**3 - 4*k**2 - 7*k - 8. Let n be z(-4). Calculate the greatest common factor of n and g.
20
Let c(n) = 3*n - 14. Let l be c(5). Calculate the highest common factor of 8 and l.
1
Suppose -y - 14 = -2*y. Let l be 4/y - (-3808)/49. Let g be 2 + (-2 - 2) - -15. What is the greatest common divisor of l and g?
13
Suppose 3*h - 5*h + 10 = 0. Calculate the highest common factor of 10 and h.
5
Let g = -109 + 173. Suppose 32 = 4*z - g. Calculate the greatest common factor of z and 8.
8
Suppose t = -5*o - 57, -3*o = -3*t - o - 86. Let c = t - -23. Let u = c - -17. What is the greatest common divisor of 40 and u?
8
Suppose r + 2*a - 34 = 0, -r + 1 + 28 = 3*a. What is the highest common divisor of 11 and r?
11
Suppose 2*r = -3*r + 15. Suppose 0 = r*h - 30 - 30. What is the greatest common factor of 8 and h?
4
Let x(k) = 6*k**2 - 6*k**2 + 7*k**2. Let w(d) = -d - 7. Let f be w(-4). Let a be x(f). What is the highest common factor of a and 9?
9
Let u be 2/6*6 - -42. What is the greatest common factor of 4 and u?
4
Let l = 22 + 20. Calculate the greatest common factor of 21 and l.
21
Let l = -82 + 85. Suppose -4*a - 3*j - 9 = -2*a, -20 = 4*j. Calculate the greatest common factor of l and a.
3
Let q = -6 + 13. Suppose -2*f - y + 476 = 0, -4*y = 2*f - q*f + 1190. Suppose f + 77 = 5*r. Calculate the greatest common factor of r and 7.
7
Let u(i) = -i**3 - 6*i**2 - i - 1. Let d be u(-6). Calculate the greatest common divisor of d and 55.
5
Suppose -2*w = -3*r + 5*r - 38, -4*r + 25 = w. What is the greatest common factor of w and 68?
17
Let g be 2/4 - 2/4. Suppose g = 5*x + 4*d - 74, -5*x + 2*d + 9 = -89. What is the highest common divisor of 54 and x?
18
Let h(v) = 5*v - 10. Let i be h(9). Suppose 2*z - o - 10 = -2*o, 17 = 3*z + o. Calculate the greatest common factor of i and z.
7
Let a be 2*(-2)/(-8)*26. Let k = 24 - a. What is the greatest common divisor of 88 and k?
11
Suppose -3*y = -8 - 46. Let f(g) = -g**3 + 45. Let x be f(0). Suppose 4*v - 459 = x. Calculate the highest common divisor of v and y.
18
Suppose 0 = -a - p + 86, -a = 4*p - 0*p - 74. Calculate the greatest common factor of a and 10.
10
Suppose 5*n = 2*v + 125, n - 41 = -n - v. Let b be (-6)/(-21) + n/(-7). Let j be b/((-6)/(-4)) + 26. What is the highest common divisor of 16 and j?
8
Suppose -76*q - 45 = -81*q. What is the highest common factor of 9 and q?
9
Suppose z + 18 = 3*z. Suppose 0 = 4*u + y + 13, 2*y - 5 = 5*u + 7*y. Let r be (-4)/(u/(-9))*-1. What is the highest common divisor of r and z?
9
Suppose -6 = 3*h - 15. Suppose 3*a - 7*a = -16. Suppose a*r - 42 = h*r. Calculate the highest common divisor of r and 28.
14
Let h(g) = -3*g - 2. Let a be h(-3). Let u be 2/a + 248/14. Let p(o) = o**3 + 8*o**2 + o + 6. Let y be p(-6). Calculate the highest common factor of y and u.
18
Let p(u) = u**3 + 10*u**2 - 6*u + 12. Let x be p(-9). What is the highest common factor of 21 and x?
21
Suppose 1170 = 4*i - 694. Suppose i - 191 = 5*z. Calculate the greatest common factor of z and 11.
11
Let x(r) = r**3 - 4*r**2 + 4*r + 4. Let z be x(4). Calculate the greatest common divisor of 30 and z.
10
Suppose x + 2*x = 15. Suppose 5*m = -2*a - 3*a + 360, 0 = -m + x*a + 60. Calculate the highest common factor of m and 10.
10
Let r = -2 + 20. Calculate the highest common divisor of r and 99.
9
Let u = -17 - -77. Suppose 0 = 3*l + 2*l - u. Calculate the greatest common factor of 3 and l.
3
Let s(m) = -2*m**2 + 10*m - 10. Let w be s(7). Let r be w/(-5) + 10/25. Calculate the highest common factor of 88 and r.
8
Let i = 48 - 26. Calculate the greatest common divisor of 198 and i.
22
Suppose 0 = -i + 4*i - 12. Let l(u) be the first derivative of u**2/2 + 2. Let q be l(1). Calculate the highest common divisor of i and q.
1
Let d be (-24)/(-4) + (-1 - -1). Suppose -6*o + o + 30 = 0. What is the highest common factor of o and d?
6
Suppose -3*i + 75 = 3*c, 2*i + 3*c - 3 = 47. What is the highest common factor of i and 100?
25
Let c = -84 - -131. Let s = c - 25. What is the highest common factor of 22 and s?
22
Suppose -p = 2*p - 240. Calculate the highest common divisor of 10 and p.
10
Let h(p) = -p**3 - p + 105. Let g be h(0). What is the greatest common divisor of 35 and g?
35
Suppose -3*n = 2*x - 58 - 12, -x = 2*n - 37. Calculate the greatest common divisor of x and 29.
29
Suppose 2*a - 4*a = -8. Let b(y) = -y**3 - 5*y**2 + 4. Let z be b(-6). Suppose 2*w - z = w. What is the highest common divisor of w and a?
4
Let w(h) = -h**2 + 5*h. Let z be 1 + -2*1 - -5. Let p be w(z). Suppose 4*v - 71 = 3*y, 8*y - p*y = 12. What is the highest common divisor of v and 4?
4
Let z be (15/(-9))/(2/(-12)). Calculate the highest common factor of 25 and z.
5
Suppose 16 = g - 0*g. Let m = -11 + g. What is the highest common factor of m and 35?
5
Let a be (4 + -3)*(18 - 2). What is the greatest common factor of 80 and a?
16
Let g(c) = -25*c - 96. Let w be g(-6). Calculate the greatest common factor of w and 216.
54
Suppose 0*k + 2*k = 0. Suppose k = 5*f - 4*y + 106, 4*y + 0*y - 62 = 3*f. Let u = 54 + f. What is the greatest common divisor of 8 and u?
8
Let m(b) be the second derivative of b**3/6 + b**2 + 3*b. Let l be m(-1). What is the greatest common divisor of 8 and l?
1
Let w = 296 - 98. Suppose -374 = -31*g + 14*g. Calculate the greatest common divisor of w and g.
22
Let s(v) = v**3 - 4*v**2 - 4*v - 4. Let i be s(5). What is the highest common divisor of i and 8?
1
Let c be ((-660)/(-24))/((-1)/(-2)). Calculate the greatest common factor of 11 and c.
11
Let g = 9 - 6. Suppose 0 = l - 2*x - 3, x + 3 = g*l - 6. What is the highest common divisor of l and 2?
1
Suppose -22*t = -17*t - 520. Calculate the greatest common divisor of 13 and t.
13
Let d(o) = -3*o - 2. Let m be d(-2). Suppose 2*q = -5*l - 2*q + 156, -2*l = -3*q - 67. What is the greatest common divisor of m and l?
4
Suppose 69 = 32*m - 29*m. Calculate the highest common factor of m and 23.
23
Let y(w) = 2*w**2 + 2*w - 1. Let c be y(2). Let o(b) = -2*b - 2*b - 4*b + 2 + 5*b. Let f be o(-3). What